s 99823 a composite number?
False
Is 424830209 composite?
True
Is 253939 a prime number?
False
Is 934342 a composite number?
True
Is 871433 prime?
False
Is 46137457 a prime number?
True
Is 837619 a composite number?
False
Is 197195386 prime?
False
Is 120264797 prime?
True
Is 106536145 prime?
False
Is 818551 a prime number?
False
Is 9223351 prime?
True
Is 3952271 prime?
False
Is 1862603 composite?
True
Is 249308749 a prime number?
True
Is 28028831 a prime number?
False
Is 1963873 prime?
True
Is 23520067 a composite number?
False
Is 36439633 composite?
True
Is 73351535 composite?
True
Is 1900619 prime?
False
Is 757879 prime?
True
Is 435779 composite?
False
Is 19151137 composite?
True
Is 93497393 a prime number?
False
Is 3054889 a prime number?
False
Is 1246209893 a prime number?
True
Is 42374309 a composite number?
False
Is 162752035 prime?
False
Is 80394493 prime?
True
Is 243214 composite?
True
Is 52854211 a prime number?
False
Is 248199535 a composite number?
True
Is 13605829 composite?
True
Is 121126911 composite?
True
Is 40099571 composite?
False
Is 89054545 prime?
False
Is 41018 composite?
True
Is 1150883 a prime number?
False
Is 31829957 composite?
False
Is 27504031 a prime number?
True
Is 3826451 a prime number?
False
Is 9597899 a composite number?
False
Is 7396793 composite?
False
Is 57730903 prime?
True
Is 277642 a composite number?
True
Is 6523511 prime?
True
Is 3406303 composite?
False
Is 1319839 a composite number?
False
Is 2985649 composite?
True
Is 62742269 prime?
False
Is 26023919 a prime number?
True
Is 952081 a composite number?
True
Is 87467221 a composite number?
False
Is 5832037 composite?
True
Is 289871 prime?
True
Is 8171071 prime?
True
Is 945089 composite?
False
Is 2791727 composite?
True
Is 63400399 a prime number?
True
Is 14692423 composite?
True
Is 89084753 composite?
False
Is 790249 a composite number?
True
Is 74362555 a prime number?
False
Is 12697999 a prime number?
True
Is 1246771 a composite number?
True
Is 1447194262 a composite number?
True
Is 1306961 a prime number?
True
Is 57910331 prime?
False
Is 114499919 prime?
True
Is 13967519 a composite number?
False
Is 12594073 a composite number?
True
Is 3419561 a prime number?
False
Is 246731 a composite number?
False
Is 4545119 a prime number?
False
Is 58940417 a prime number?
False
Is 1536883 a composite number?
True
Is 11363018 a prime number?
False
Is 427279 prime?
True
Is 18823597 prime?
False
Is 3583739 a prime number?
True
Is 513713 a composite number?
True
Is 6384349 a composite number?
False
Is 10514159 prime?
True
Is 1071197 prime?
True
Is 788909 a composite number?
True
Is 3709763 a composite number?
True
Is 35243 a prime number?
False
Is 89449 composite?
False
Is 2426731 a prime number?
True
Is 693366967 prime?
True
Is 151039451 prime?
True
Is 43906783 composite?
True
Is 56808179 composite?
True
Is 29784806 a composite number?
True
Is 311074 prime?
False
Is 32440327 composite?
True
Is 59830921 prime?
False
Is 1546463 composite?
False
Is 1620391 a prime number?
True
Is 13090229 a prime number?
False
Is 42477631 prime?
False
Is 6937655 a composite number?
True
Is 891083 prime?
False
Is 5729365 prime?
False
Is 147757943 prime?
True
Is 8056803 a composite number?
True
Is 66623659 a prime number?
False
Is 4030219 prime?
True
Is 1243498 composite?
True
Is 409056679 prime?
False
Is 9861151 a prime number?
True
Is 30159197 composite?
True
Is 6966109 prime?
True
Is 6785981 composite?
True
Is 285793 composite?
True
Is 4235591 a composite number?
False
Is 25686467 composite?
False
Is 9316849 composite?
False
Is 29328979 prime?
False
Is 122812643 prime?
False
Is 437279483 composite?
False
Is 3870803 a composite number?
False
Is 42736217 composite?
False
Is 11791403 composite?
True
Is 24891583 composite?
True
Is 44349989 prime?
False
Is 905137 composite?
False
Is 215929877 a composite number?
False
Is 440413121 composite?
False
Is 148809601 composite?
False
Is 46736267 a prime number?
True
Is 20203629 a composite number?
True
Is 6161345 composite?
True
Is 99426869 a composite number?
False
Is 1131307 prime?
True
Is 3650833 prime?
True
Is 2603479 a composite number?
False
Is 36835321 a prime number?
True
Is 4170449 a prime number?
False
Is 4248463 prime?
True
Is 211449881 a composite number?
False
Is 135833671 a composite number?
False
Is 57088819 a composite number?
False
Is 332611107 composite?
True
Is 108097477 a prime number?
True
Is 68101801 a prime number?
False
Is 1676429 prime?
False
Is 235307 a prime number?
True
Is 35561359 a composite number?
True
Is 13953997 composite?
False
Is 26292839 composite?
False
Is 7546219 a prime number?
False
Is 4617087 prime?
False
Is 55673749 a composite number?
True
Is 91466867 prime?
True
Is 9464387 a composite number?
True
Is 23976209 composite?
False
Is 3358151 prime?
True
Is 9751369 a prime number?
False
Is 23591387 a composite number?
True
Is 12691961 composite?
True
Is 3207047 composite?
False
Is 761201321 prime?
True
Is 6684443 prime?
True
Is 11593889 a prime number?
True
Is 29776387 a prime number?
False
Is 6897203 a prime number?
False
Is 2090381 a prime number?
True
Is 8141117 a prime number?
True
Is 9926063 prime?
False
Is 223229701 composite?
False
Is 16641355 a composite number?
True
Is 8886065 a prime number?
False
Is 7607 composite?
False
Is 566011 prime?
True
Is 261304729 prime?
False
Is 391726 composite?
True
Is 1696171 a prime number?
False
Is 184796587 a prime number?
True
Is 5183933 a prime number?
True
Is 2175659 a composite number?
False
Is 414629 prime?
True
Is 2319133 a prime number?
True
Is 3653219 a composite number?
False
Is 17652163 composite?
False
Is 9409837 a prime number?
True
Is 223556051 prime?
True
Is 138050629 a prime number?
True
Is 535799255 composite?
True
Is 144635 a prime number?
False
Is 5114581 a prime number?
True
Is 6614746 a composite number?
True
Is 2473871 composite?
False
Is 5438219 a prime number?
True
Is 38844763 composite?
True
Is 97237461 a prime number?
False
Is 12489229 a composite number?
False
Is 75901717 prime?
False
Is 18062169 prime?
False
Is 90988303 a prime number?
False
Is 4337987 a composite number?
False
Is 52029953 a prime number?
False
Is 396521 a composite number?
True
Is 9461479 composite?
True
Is 2335387 a composite number?
True
Is 42020437 composite?
False
Is 1730433593 a prime number?
False
Is 2280633 composite?
True
Is 95705927 a prime number?
True
Is 635939 prime?
True
Is 2617559 a composite number?
True
Is 3379247 prime?
False
Is 38856379 a composite number?
True
Is 1070357 prime?
True
Is 274361263 a composite number?
True
Is 18042547 composite?
False
Is 239753447 a prime number?
False
Is 95747 a prime number?
True
Is 6364587 composite?
True
Is 947233 a prime number?
False
Is 5407739 prime?
True
Is 118571 prime?
True
Is 8374918 a prime number?
False
Is 358389839 a composite number?
True
Is 2414869 prime?
False
Is 73926703 composite?
True
Is 601541 a prime number?
True
Is 28501769 prime?
True
Is 207472769 a composite number?
True
Is 6052261 prime?
True
Is 1041671 a composite number?
False
Is 61088771 composite?
False
Is 309524053 a prime number?
False
Is 230714639 a prime number?
True
Is 6719809 prime?
True
Is 15596149 prime?
True
Is 14986505 a prime number?
False
Is 22475851 prime?
False
Is 45172817 a prime number?
False
Is 6768053 a composite number?
False
Is 4523647 a composite number?
False
Is 44997761 prime?
True
Is 75120571 a prime number?
True
Is 72999013 prime?
True
Is 31948909 a composite number?
True
Is 20723501 a composite number?
True
Is 65933987 composite?
True
Is 26491799 a prime number?
True
Is 58078957 composite?
True
Is 11198477 a composite number?
False
Is 3670339 a composite number?
True
Is 27975287 a composite number?
False
Is 115378693 a composite number?
False
Is 2398211 prime?
True
Is 81679613 a prime number?
False
Is 136723 a prime number?
False
Is 22011563 a prime number?
False
Is 101603701 prime?
False
Is 362413 a composite number?
True
Is 605574413 composite?
False
Is 2988841 composite?
False
Is 23179093 a prime number?
False
Is 2266931 prime?
False
Is 801277 a composite number?
False
Is 618607 prime?
False
Is 20765 a composite number?
True
Is 28387861 prime?
True
Is 422370229 a composite number?
True
Is 3077473 composite?
Tr